 what is 62 + 923?
985
In base 10, what is 4335 + -4?
4331
In base 12, what is 6 - 44949?
-44943
In base 8, what is 2 + -27577?
-27575
In base 16, what is 3 + -2e68?
-2e65
In base 6, what is 1435 - -1?
1440
In base 4, what is 1322013321 + 3?
1322013330
In base 15, what is 33 - 4b64?
-4b31
In base 8, what is 45 - -11167?
11234
In base 7, what is 0 - -2443205?
2443205
In base 3, what is 202 + 100200222?
100201201
In base 9, what is 5448421 + -5?
5448415
In base 14, what is 243b + 4a?
2487
In base 13, what is 40c + -937?
-528
In base 4, what is -103 - -1032233?
1032130
In base 5, what is -1 + -12033?
-12034
In base 6, what is 4440 - -10?
4450
In base 4, what is -12113 + 100201?
22022
In base 8, what is -3375 + 5?
-3370
In base 16, what is -a5d + 198?
-8c5
In base 12, what is -1a039 + 1a?
-1a01b
In base 16, what is -5b04 + -33?
-5b37
In base 11, what is -4 - 17600?
-17604
In base 2, what is -1000110101001001 - -1?
-1000110101001000
In base 10, what is -1 + 117441?
117440
In base 11, what is -2 + a1a6?
a1a4
In base 7, what is 3 - 6030?
-6024
In base 14, what is -200 + 24?
-1ba
In base 10, what is 7167 - -32?
7199
In base 11, what is -9 - -34?
26
In base 6, what is 252 + -3012?
-2320
In base 15, what is -2 - 25b69?
-25b6b
In base 2, what is -10111101 + 10010010111?
1111011010
In base 6, what is 403 - 3524?
-3121
In base 8, what is -102256 + -5?
-102263
In base 9, what is -184378 - -18?
-184360
In base 16, what is -1945 + -13?
-1958
In base 4, what is 11 + 2212323?
2213000
In base 5, what is 10134 - -11?
10200
In base 11, what is 0 - 143a86?
-143a86
In base 4, what is -12022 + 10003?
-2013
In base 2, what is -11010 - 1110011100?
-1110110110
In base 11, what is 4146 - -23?
4169
In base 9, what is -1050 - 3107?
-4157
In base 15, what is -3d53 - 6?
-3d59
In base 9, what is 2 + -262182?
-262180
In base 14, what is -9 + -7d93?
-7d9c
In base 14, what is ad71 - 5?
ad6a
In base 3, what is -21012101 - -22?
-21012002
In base 3, what is 222122010100 - -11?
222122010111
In base 5, what is -22020 + -10110?
-32130
In base 11, what is 8a0a + -11?
89a9
In base 11, what is -1 + 1a976?
1a975
In base 6, what is -12445 + 334?
-12111
In base 13, what is c2 - bbc?
-aca
In base 12, what is -a + 22a4?
2296
In base 6, what is -5 + 10301411?
10301402
In base 4, what is 11033312 - 1?
11033311
In base 5, what is 22302 - 13?
22234
In base 15, what is 124c + -b4?
1188
In base 16, what is 81 - -2b69?
2bea
In base 15, what is -7 + -1019?
-1021
In base 7, what is 1341111 + 1?
1341112
In base 3, what is -20 - -10012120101?
10012120011
In base 6, what is -2004022 + -4?
-2004030
In base 13, what is 33 - a03?
-9a0
In base 5, what is 1043 - -130?
1223
In base 6, what is 325500 + 0?
325500
In base 10, what is 8717 + 286?
9003
In base 2, what is 1 + 100000000000011100?
100000000000011101
In base 5, what is 3 + -11141111?
-11141103
In base 8, what is -17542 + -25?
-17567
In base 5, what is 114340 + -3041?
111244
In base 3, what is -2022121001 - 20?
-2022121021
In base 9, what is -148 - 3002?
-3151
In base 11, what is -602 - 32?
-634
In base 12, what is 58 - 111?
-75
In base 14, what is -8 + 3d87?
3d7d
In base 11, what is -14 + -5261?
-5275
In base 10, what is -121 + 444?
323
In base 12, what is -105 - 18b?
-294
In base 16, what is -626 - -10?
-616
In base 14, what is -12 - -51cd?
51bb
In base 6, what is -12510 + 45?
-12421
In base 2, what is 10011100001010 - -10?
10011100001100
In base 7, what is -464 - -201?
-263
In base 5, what is 24 - -22322?
22401
In base 13, what is -24781 + -a2?
-24853
In base 11, what is -27396 + -2?
-27398
In base 5, what is 110214101 + 0?
110214101
In base 4, what is -10 + -100120330?
-100121000
In base 9, what is 18 + -2743?
-2724
In base 13, what is 62 + 975?
a07
In base 6, what is 51 - 11350?
-11255
In base 5, what is -30 - 24?
-104
In base 15, what is 2a8 + -be?
1d9
In base 4, what is -203320 + -3?
-203323
In base 6, what is 45503 - -1210?
51113
In base 8, what is -34 - -3111?
3055
In base 8, what is 2140 - 7?
2131
In base 2, what is 1011100010 + -10000010?
1001100000
In base 14, what is 1 - 2b633?
-2b632
In base 2, what is -100000000011 + 10110101?
-11101001110
In base 8, what is 522 - 244?
256
In base 13, what is 2531 - 1c?
2512
In base 4, what is -3101200 + 223?
-3100311
In base 15, what is 29 - -4dc6?
4e00
In base 12, what is 2b - -12093?
12102
In base 11, what is 2751564 - -5?
2751569
In base 8, what is -216014 - -5?
-216007
In base 7, what is -160225 + 5?
-160220
In base 5, what is 42 - -2233?
2330
In base 2, what is -100101 + -111000001001?
-111000101110
In base 5, what is 1310331 + 20?
1310401
In base 10, what is -6 - -196297?
196291
In base 8, what is -15 - 161526?
-161543
In base 7, what is 3463662 - -1?
3463663
In base 15, what is 3 + -24d0b6?
-24d0b3
In base 6, what is 1344305 + -4?
1344301
In base 8, what is -403443 + 5?
-403436
In base 4, what is 10 + -312220?
-312210
In base 7, what is -4 - -100125?
100121
In base 2, what is -100011001101011 - -10?
-100011001101001
In base 12, what is -5 + 3a3b6?
3a3b1
In base 8, what is 374 + -3?
371
In base 3, what is -210111121111 + 12?
-210111121022
In base 7, what is 352222 - 5?
352214
In base 15, what is -736d + 16?
-7357
In base 14, what is 5 + -136cc?
-136c7
In base 8, what is -57 - 1171?
-1250
In base 2, what is 1000 - -10000101001011110?
10000101001100110
In base 7, what is 3451 + 11354?
15135
In base 12, what is -1b + 2679?
265a
In base 8, what is -645142 - 1?
-645143
In base 10, what is 405 - -2252?
2657
In base 14, what is -75c + -4c?
-7aa
In base 8, what is 3123 + -4?
3117
In base 13, what is 3 + 290a1?
290a4
In base 11, what is 2 - 460a3?
-460a1
In base 2, what is 100111010 - -1001010100010?
1001111011100
In base 6, what is 134 + -1430?
-1252
In base 13, what is -5 - 121c07?
-121c0c
In base 12, what is 180 - -139?
2b9
In base 3, what is -10 - 1002220120002?
-1002220120012
In base 3, what is -1 - 1222200222?
-1222201000
In base 9, what is -2887520 - -4?
-2887515
In base 16, what is -14 - -12ae?
129a
In base 11, what is 113 + 5a?
172
In base 12, what is -37 + 663?
628
In base 3, what is 12 - 110121222?
-110121210
In base 5, what is 14341 + 10122?
30013
In base 13, what is 62c5 + 4?
62c9
In base 10, what is 720547 - 4?
720543
In base 5, what is 10 + 2132110?
2132120
In base 4, what is 3101232 + -2?
3101230
In base 8, what is -117452 + 0?
-117452
In base 4, what is -30 + -11201311?
-11202001
In base 3, what is 10 - 1020020?
-1020010
In base 11, what is 52 + 476?
518
In base 5, what is 12 + -10220131?
-10220114
In base 11, what is 1a90a + -26?
1a894
In base 12, what is -1bb24 + -11?
-1bb35
In base 15, what is -61 + cab?
c4a
In base 6, what is 210 + 100144?
100354
In base 3, what is -111222 - 121?
-112120
In base 3, what is -20210212 - -22?
-20210120
In base 16, what is 4 - 7a01?
-79fd
In base 10, what is -196 - 6008?
-6204
In base 14, what is -464c + -7?
-4655
In base 11, what is -1130a + 3?
-11307
In base 15, what is -4 - 4bbb1?
-4bbb5
In base 7, what is -3 - -1243661?
1243655
In base 2, what is -1001010110000010 - 0?
-1001010110000010
In base 15, what is -4d0 + -5c6?
-aa6
In base 13, what is 18 + 29a7?
29c2
In base 10, what is -1088479 - 3?
-1088482
In base 14, what is -7048 + 6?
-7042
In base 16, what is -2b51 + 17?
-2b3a
In base 13, what is -75 + -a06?
-a7b
In base 6, what is 103 - 1244421?
-1244314
In base 6, what is -141544 + 303?
-141241
In base 2, what is -10 - -1010100010011111?
1010100010011101
In base 9, what is -28 - 414042?
-414071
In base 9, what is -5 + 723103?
723087
In base 14, what is -1057 - -7ab?
-68a
In base 15, what is 1 - -16024?
16025
In base 14, what is -22 - -25?
3
In base 2, what is 100 - -1001100010000?
1001100010100
In base 12, what is 13532 - 2?
13530
In base 9, what is 2323 - -18?
2342
In base 10, what is -25636 + -28?
-25664
In base 5, what is 1230132 - 100?
1230032
In base 11, what is 32 - 6223?
-61a1
In base 8, what is -2 + 137062?
137060
In base 11, what is 0 + 186?
186
In base 5, what is -1142 + 1043013?
1041321
In base 15, what is -38 - 235d?
-2396
In base 12, what is -5 - 2775?
-277a
In base 14, what is -b - 90a?
-917
In base 10, what is -111 + 7284?
7173
In base 13, what is 4 + 127b6c?
127b73
In base 9, what is 0 - 155137?
-155137
In base 3, what is -111220122